w - 600. Suppose -2360 = -w*k + 20*k. What are the prime factors of k?
2, 59
Let o(l) = 4*l + 30. Let m be o(19). List the prime factors of 16/(4/m - 0).
2, 53
Suppose -4*j + 3*z - 13 - 3 = 0, -8 = 2*j - 5*z. Let g(u) = 85*u**2 + 2*u - 14. Let d be g(j). List the prime factors of d/5 + (7 - (-33)/(-5)).
2, 67
Suppose y + 3*f + 2*f + 17 = 0, -4*y + 5*f + 57 = 0. Suppose -y*z = 22*z - 10380. What are the prime factors of z?
2, 173
Suppose 5*x + 17 = -j - 47, -3*j = 3*x + 132. Let n = j - -114. Let t = 133 - n. List the prime factors of t.
2, 29
Let t(v) = -v**3 + 15*v**2 + 6*v - 28. Let o be t(10). Let y = 842 - o. List the prime factors of y.
2, 5, 31
Let c(y) be the second derivative of 7*y**4/12 - y**3/6 + 3*y**2 + 14*y. Suppose -6 - 34 = 10*b. What are the prime factors of c(b)?
2, 61
Let y = 24 + -28. Let l be ((-126)/4)/(-3) - 6/y. Let z(u) = 6*u + 17. List the prime factors of z(l).
89
Let q = 16737 - 6190. What are the prime factors of q?
53, 199
Let c be 2*((-3)/1 + 5). Suppose 93 = c*h + 605. Let n = -112 - h. What are the prime factors of n?
2
Let x(q) = q**3 - 9*q**2 + 16*q + 12. Let f be x(6). Suppose f = -9*j - 52 + 1114. Suppose -11*h + j = -9*h. List the prime factors of h.
59
Let r = 400 - 210. Let c = r + -324. Let o = c - -208. What are the prime factors of o?
2, 37
Let n = 15 - 8. Let y(s) = -8*s**2 + 6*s + 23 - 33 + n*s + 20 - s**3. What are the prime factors of y(-10)?
2, 5
Suppose -23*p + 59396 - 12982 = 0. What are the prime factors of p?
2, 1009
Let g(i) = -i**3 - 29*i**2 + i + 46. Let o be g(-29). Let l(n) = n**2 + 7*n + 16. List the prime factors of l(o).
2, 53
Suppose -4*m + 5*i - 24 = 0, -3*m + 10 = -m + 3*i. What are the prime factors of -157*6/m - -6?
2, 3, 79
Let d = -70 - 110. Let w = d + 276. What are the prime factors of w?
2, 3
Let d(y) = 14*y**2 + 57*y - 207. List the prime factors of d(8).
5, 229
Suppose 7*n - 1179 - 4582 = 0. Let q = -408 + n. What are the prime factors of q?
5, 83
Suppose -2*v + w + 12697 = -9219, -2*v = 3*w - 21916. What are the prime factors of v?
2, 5479
Let h = -3607 + 19231. What are the prime factors of h?
2, 3, 7, 31
Suppose g = 3*s - 1605, 0 = -4*g + 2*s - 4*s - 6378. What are the prime factors of g/304*(2 - (-282)/(-1))?
2, 3, 5, 7
Let q(n) be the third derivative of -2/3*n**4 - 23/6*n**3 + 0 + 1/30*n**5 + 0*n + 25*n**2. What are the prime factors of q(13)?
107
Let i(p) = -173*p + 1446. What are the prime factors of i(-53)?
5, 11, 193
List the prime factors of (-27)/((-108)/(-32)) + 2543.
3, 5, 13
Let l(r) = 81*r + 21. Suppose -68 = -4*o - q, -2*q + 1 = -4*o + 81. List the prime factors of l(o).
3, 17, 29
Suppose 9 = 9*k - 9. Let m(g) = 3*g**k + 5*g**2 - 15 + 4 - 9*g**2 + 28*g. What are the prime factors of m(19)?
2, 5
Suppose -13542 = -2*y - 2*k, -4*k - k = 2*y - 13557. Suppose 3*c + 1864 = y. List the prime factors of c.
2, 19, 43
Let v = 7530 - 2154. What are the prime factors of v?
2, 3, 7
Let c = 8598 + 9936. What are the prime factors of c?
2, 3, 3089
Let o(m) = 4*m - 29. Let a be o(8). Suppose -3*y = -12, f - 398 = a*y - 46. What are the prime factors of f?
2, 7, 13
Let f be (33/22)/(6/8). Suppose -f*n + 386 = s, 4*n - 192 = -s + 200. List the prime factors of s.
2, 5, 19
Let q(i) = 101*i + 360. Let o be q(12). Let m = o - 1034. What are the prime factors of m?
2, 269
Let g(z) be the third derivative of 59*z**4/12 - 19*z**3/6 - 66*z**2 - z. What are the prime factors of g(7)?
3, 269
Let o(c) be the third derivative of -c**4/4 - 5*c**3 - 9*c**2. Let j be o(-4). What are the prime factors of ((-67)/j)/(-3*(-4)/72)?
67
Suppose 18 = 35*h - 262. Let w(v) = 13*v**2 - 8*v - 66. What are the prime factors of w(h)?
2, 3, 13
Suppose -18 - 38 = -4*i. Suppose 0 = 15*z - i*z - 2. What are the prime factors of (3/z)/(10/(5920/6))?
2, 37
List the prime factors of (-161718)/(-21) + -11*1 + 10062/903.
3, 17, 151
What are the prime factors of ((-3)/2)/(-3 - 11085/(-3696))?
2, 3, 7, 11
Suppose 5*f - 350 - 1686 = 4*v, -2060 = 4*v + f. Let c = v - -1334. List the prime factors of c.
2, 5, 41
Let y(n) = 1. Let v(r) = 5*r + 50. Let l(t) = -2*v(t) + 50*y(t). Let d(c) = -257*c - 1822. Let i be d(-7). List the prime factors of l(i).
2, 3, 5
Suppose 233 = -3*n - 2*d + 1627, 0 = -3*n + 3*d + 1419. What are the prime factors of n?
2, 3, 13
Suppose 8*v - 95 = -11*v. Suppose -w - 48 = -s, -5*s = v*w - 125 - 75. What are the prime factors of s?
2, 11
Suppose 0 = 9*n - 857 - 2293. Let j = 11 + n. List the prime factors of j.
19
Suppose t - 2*l = 148, -189 = -2*t + 2*l + 97. Let y = 140 - t. List the prime factors of ((-130)/104)/(y/(-232)).
5, 29
Let q = -78 + 80. Suppose 3*o - 5 + 3 = 2*t, q*o - t = 3. Suppose 3*l - 465 = -o*p - 69, 0 = -3*l - 2*p + 402. What are the prime factors of l?
2, 17
Suppose 0 = 4916*p - 4925*p + 29331. What are the prime factors of p?
3259
List the prime factors of 69963/7*9 + -4 - 90/210.
2, 113, 199
Let k(m) be the first derivative of -38 - 3*m**3 + 1/4*m**4 - 13*m**2 + 4*m. List the prime factors of k(12).
2, 31
Suppose 4*h - 35*r - 195 = -34*r, 5*h = 2*r + 246. What are the prime factors of (h/(-64))/((-3)/1304)?
2, 163
Suppose -16*d + 62*d = 26*d + 348580. List the prime factors of d.
29, 601
Let x = 363 + 17. Suppose -4*w = -2*b - 2*b + x, -396 = -4*b - 4*w. List the prime factors of b.
97
Suppose -4*f + n = -29, -2*f + 13 = 5*n - 18. Suppose f*b = 6*b + 8. Suppose -5*p = 5*t + 56 - 331, p + 205 = b*t. List the prime factors of t.
2, 13
Let l(i) = 75*i + 10. Let h(q) = -q - 1. Let m = 26 - 22. Let a(n) = m*h(n) - l(n). What are the prime factors of a(-2)?
2, 3
Suppose -9*h = -45 + 36. List the prime factors of ((-21)/9)/(h/(-18)).
2, 3, 7
Suppose -12*x + 7*x = -2*z + 25422, 3*z + 5*x - 38058 = 0. What are the prime factors of z?
2, 3, 23
Suppose 5849 + 37705 = -21*z. List the prime factors of z/((-6)/(-2 + 5)).
17, 61
Let w(r) = -19*r**3 + 9*r**2 + 150*r + 8. What are the prime factors of w(-9)?
2, 6619
Let h be ((-2710)/(-20))/(2/12). Suppose 9*q = 2175 + h. What are the prime factors of q?
2, 83
Let q(a) = 8*a**3 + 17*a**2 - 8*a - 4. What are the prime factors of q(7)?
3517
Let j = -85 + 106. List the prime factors of j/126 + (-4937)/(-6).
823
Suppose 14394 = 3*a - 2580. Suppose 4*l - 2*k = a, -4*l - 9*k + 5655 = -10*k. List the prime factors of l.
3, 157
Let n = -61667 + 90068. What are the prime factors of n?
3, 9467
Let r(k) = 10*k**2 - 4*k + 46. Let n(x) = -x**2 + 2*x. Let u(o) = 3*n(o) + r(o). What are the prime factors of u(10)?
2, 383
Let l(b) = -10*b**3 - 40*b**2 - b + 2. Let f(y) = y - 10. Let k be f(3). What are the prime factors of l(k)?
3, 17, 29
Let q(r) = -2*r**2 + 29*r + 10. Let l be q(-8). List the prime factors of ((-140)/l)/(1/580).
2, 29
Let z = -5480 - -3099. What are the prime factors of z/(-13) - (-1)/((-26)/4)?
3, 61
Suppose 6858 = 3*v + a, -11*a = -10*a. What are the prime factors of v?
2, 3, 127
Let i(h) = -9*h. Let f be i(-2). Suppose 0*k = -j - 4*k - f, 2*k = 3*j - 16. Suppose -3*u - j*u + z = -177, 2*u + z - 68 = 0. What are the prime factors of u?
5, 7
Let o be 71/2 - -7 - 6/(-4). Suppose 5*d - 31 = 94. Suppose 3*j - d = o. What are the prime factors of j?
23
Let c be (6/(-4))/(12/(-1264)). Suppose c*j = 150*j + 5912. What are the prime factors of j?
739
Let i(s) = -12*s - 1. Let o(m) = -3*m - 54. Let d be o(-14). Let w be i(d). Let h = 322 - w. What are the prime factors of h?
179
Suppose -835557 = -425*b + 6900830 - 1270437. List the prime factors of b.
2, 7607
Let b = 8778 - -638. Suppose 8*g - b + 1744 = 0. List the prime factors of g.
7, 137
Suppose -5*g = 4*y + 20, 0 = 2*g - 3*y + 3 - 18. Suppose 17*x - 22*x + 50 = g. List the prime factors of x.
2, 5
Let q(s) be the third derivative of s**4/2 - 19*s**3/6 + 21*s**2 - s. List the prime factors of q(31).
353
Let c = -3840 + 6973. List the prime factors of c.
13, 241
Suppose -357588 = -5*o - 81*o. List the prime factors of o.
2, 3, 7, 11
Let v = 18297 + -10959. List the prime factors of v.
2, 3, 1223
Let j be 3 + 2 + -3 - 62. Let t = -27 - j. Suppose 15 = 2*w - t. What are the prime factors of w?
2, 3
Suppose 0 = 85*g - 96*g + 126654. List the prime factors of g.
2, 3, 19, 101
Let m be (24/(-5))/((-2)/(-10)). Let z be (-1)/(4 + 695/(-175)). Let o = m - z. What are the prime factors of